 5*u - 5*r - 6062 = 2698. What is the tens digit of u?
5
Let r = 183 + -32. What is the tens digit of r - (9 - (5 - 0))?
4
Let f(g) = 4956 - 5*g + 5*g - 5031 + 55*g. What is the hundreds digit of f(16)?
8
Suppose -33*a + 8274 = -11*a - 371798. What is the hundreds digit of a?
2
Let m(d) = d**2 + 4*d + 5. Suppose 0 = -95*t + 90*t. Let j be m(t). What is the tens digit of j - (2 + 2 - 13)?
1
Let v be (-4 - -5) + 2 - (-290)/2. Suppose 3*k + v = -k. Let q = 6 - k. What is the units digit of q?
3
Let j(w) = -2*w**3 + 17*w**2 - 7*w - 3. Let g be j(8). Let y = -127 - -235. Suppose -42 - y = -g*d. What is the units digit of d?
0
Let d = -212 - -301. Let j = -84 + d. Suppose -933 = -j*l - 3*g, -151 = 4*l + 2*g - 897. What is the units digit of l?
6
Suppose -f = -2*f + 455. Let n = 379 + -49. Suppose -5*c + n = -f. What is the units digit of c?
7
What is the thousands digit of 162*(7*154/6 - (-315)/(-135))?
8
Let r(k) = -k**3 + 31*k**2 + 44*k - 428. What is the thousands digit of r(30)?
1
Suppose -5*k = -2*r + 6, -3*k + 2 = -r + 5. Suppose 2*q - 3*t - 47 = 0, -r*q - 2*t = -0*t - 90. Let n = 48 - q. What is the tens digit of n?
2
Suppose -o + 191 = -13. Suppose -3*x + c + 233 = -o, 0 = -x + 2*c + 139. What is the hundreds digit of x?
1
Let k(r) = -4*r**3 - 12*r**2 + 3*r + 11. Let l(b) = -3*b**3 - 11*b**2 + 4*b + 12. Let w = 26 - 28. Let t(c) = w*k(c) + 3*l(c). What is the tens digit of t(-10)?
5
Suppose 23*a - 21*a = -5*z + 3548, -z - 4*a + 724 = 0. What is the tens digit of z?
0
What is the tens digit of (0 + 1)/((40/(-16))/(13 + -66668))?
6
Suppose 0*f + 168 = 12*f. What is the hundreds digit of 10 - f - 800*-1?
7
Let z = -66 + 66. Let s(m) = -m**3 + 5*m**2 + 4*m + 15. Let k be s(6). Suppose -k*y + 2*q - 5*q = -15, z = 2*q + 10. What is the units digit of y?
0
Let z(f) be the third derivative of 91*f**5/15 - f**4/8 - f**3/2 - 40*f**2 + 2*f. What is the hundreds digit of z(-1)?
3
Let k(s) = -429*s**3 - s**2 - 22*s - 35. What is the thousands digit of k(-4)?
7
Let p = -239 + 244. Suppose 5 = p*y, 0 = -3*d + 66*y - 65*y + 1883. What is the hundreds digit of d?
6
Let o be 2 + -1 + 1 + (2 - 2). Suppose o*a = -10, -4*i = -7*i + 3*a + 24. Suppose -3*p + i*h = -153, 2*p + 9*h - 67 = 4*h. What is the tens digit of p?
4
Suppose 4*x = -c + 8841, -x + 3*x + 44205 = 5*c. What is the hundreds digit of c?
8
What is the hundreds digit of ((-18)/33)/3 - ((-2868345)/99 - 0)?
9
Suppose 5 = 5*u, 4763 - 26541 = -4*m + 2*u. Suppose 128*p = 131*p - m. What is the thousands digit of p?
1
Let s(o) = 408*o - 165. What is the thousands digit of s(7)?
2
Let x(f) = -f**2 + 21*f + 9. Let z = 40 + 35. Let q = z + -58. What is the units digit of x(q)?
7
Suppose -13 = -7*h - 27. Let w = 2097 - -1173. What is the tens digit of (h/(-6)*-4)/((-20)/w)?
1
Let a be 8/(4 - (-10185)/(-2548)). Suppose 7*w = 5236 + a. What is the units digit of w?
4
What is the ten thousands digit of 8 - (-32 + -38802)*(2 - 9/6)?
1
Let f(i) = 9*i**3 - 7*i**2 + 5*i + 4. Let k(g) = 8*g**3 - 6*g**2 + 6*g + 3. Let h(q) = -2*f(q) + 3*k(q). What is the tens digit of h(4)?
5
Let h = -822 - -1547. Suppose v - 5*u = h + 233, -4*v + 3752 = -4*u. What is the tens digit of v?
3
Let h(r) = 770*r**2 + 26*r - 15. What is the ten thousands digit of h(4)?
1
Suppose 1662 = 2*r - 6012. Let x be (r/(-5))/(-1) - 45/(-75). Suppose -7*d + x = d. What is the tens digit of d?
9
Let m = -42 + 35. Let k be (-154)/44*20/m. Suppose k = 4*s - 2. What is the units digit of s?
3
Let a(d) = -d**3 - 33*d**2 + 73*d + 168. What is the thousands digit of a(-38)?
4
Let u = -119 + 122. Let f be (-658)/(-3) - ((-40)/(-12) - u). Suppose 4*s - 197 = f. What is the hundreds digit of s?
1
Let a(z) = -74*z**2 + 4*z - 24. Let r be a(5). What is the hundreds digit of (r/15)/((-26)/65)?
3
Let r(s) = 41*s**2 - 7*s - 72. Let l be r(-5). Suppose 0 = -2*t + 3*o + l, -5*t = 4*o - 2*o - 2451. What is the tens digit of t?
9
Suppose 7418 = b - 4483. What is the tens digit of b?
0
Let v = 8114 - 1171. What is the thousands digit of v?
6
Suppose -5*j + w + 2344 = -4*j, 0 = -3*j + 2*w + 7037. Let x = j + -954. What is the units digit of x?
5
Suppose -3*g = 19*z - 15*z - 60934, -2*z = -g - 30462. What is the thousands digit of z?
5
Suppose -15*i = 7*i - 220. What is the tens digit of ((-2035)/(-2))/(-11)*(-32)/i?
9
Let j = -3982 + 3962. Suppose 0 = r - 5*m - 19, -2*r + 1 = 2*r + 5*m. What is the units digit of ((-510)/j)/(2/r)?
1
Let u(q) = -q**2 + 32*q - 237. Let s be u(23). What is the units digit of 840 + -1 + 0 + s + 32?
1
Suppose -2*o = -0*o - 144. Let n = o - 68. Suppose 0 = -6*u + u - 2*l + 25, 2*u + 6 = -n*l. What is the units digit of u?
7
Suppose -2*i - 1 + 3 = 0. Let y be (-47)/(-282) + 147/(-18). Let r = i - y. What is the units digit of r?
9
Let x be (-3)/147*-7 - (-20)/7. Let i = x + -9. What is the units digit of (1/(-3))/(i/72) - -18?
2
What is the thousands digit of (4/(-3))/((-4)/10014)?
3
Suppose -5*d - 3*y + 19 = 0, 4*d - 8*d + 23 = 5*y. Suppose -i + j + 132 = 0, 11*j - 6*j = -d*i + 243. What is the tens digit of i?
2
Let p be 1494 + -9 - (-6 - -5). Suppose -p + 490 = -4*i. What is the tens digit of i?
4
What is the units digit of -1011*((-6)/(-72)*4 - 5)?
8
Suppose 5*c - 7589 + 758 = -3*i, i = -c + 2277. What is the units digit of i?
7
Suppose 0 = 7*z - 94 - 25. Let u = z + -3. What is the tens digit of (-4)/u - 590/(-7)?
8
Suppose 14*j = 65925 + 102566 + 14783. What is the ten thousands digit of j?
1
Let c = 4247 + -3273. What is the hundreds digit of c?
9
Let j(f) = 3*f + 10. Let g be j(-5). What is the hundreds digit of 1/g - 4604/(-20)?
2
Let r(w) = 140*w**2 - 74*w - 35. What is the ten thousands digit of r(-14)?
2
Let q = -562 + 574. Suppose 8*g + 4575 = q*g + 5*h, h = 2*g - 2277. What is the hundreds digit of g?
1
Let l(g) = -3*g**3 + 6*g**2 - 4*g - 79. What is the hundreds digit of l(-9)?
6
Suppose -9*h + 8*h - c + 12737 = 0, -3*h = -5*c - 38187. What is the thousands digit of h?
2
Let k(s) = -13*s**2 + 29*s - 4. Let m(a) = -6*a**2 + 14*a - 2. Let w(i) = 3*k(i) - 7*m(i). What is the tens digit of w(-10)?
1
Suppose h + s = 1, 0 = -3*h + s + 3*s + 10. Let u be (-80)/(-16) + 2/h. Suppose 0 = m - u - 18. What is the tens digit of m?
2
Suppose 5*b - 4558 = 3*m, 15*b - 12*b + 3064 = -2*m. Let u = -1013 - m. What is the units digit of u?
3
Let v(k) = k**3 + 14*k**2 - 3*k + 13. Let i(g) = -5. Let l(b) = -11. Let u(o) = 9*i(o) - 4*l(o). Let m(d) = 4*u(d) + v(d). What is the units digit of m(-14)?
1
Let h = -159 + 220. Let o = 330 - h. What is the hundreds digit of o?
2
Let c(w) = -1 - 19*w - w**2 + 6 - 2. Let n be c(-7). Suppose 0 = -6*z + 729 - n. What is the hundreds digit of z?
1
Let t(l) be the second derivative of -11*l**3/6 + 4*l**2 + 7*l. Let i(z) = -2*z**3 + 47*z**2 - 23*z - 8. Let j be i(23). What is the tens digit of t(j)?
9
Let j(m) = -m**3 + 4*m**2 + 7*m - 6. Let i be j(5). Suppose f - 4*y - i = 3, 0 = -4*f + 4*y - 8. Let z = f - -48. What is the tens digit of z?
4
Let a(o) = o**3 + o**2 - 3*o - 4. Let g be a(0). What is the units digit of (-4256)/g - (0 + 0)?
4
Suppose -15*r + 299766 = 20*r + 44966. What is the tens digit of r?
8
Let g = 705 - 501. Suppose -g = 31*j - 2808. What is the units digit of j?
4
Suppose 4*t = -4*a + 21812, 0 = -4*a + 10*t - 12*t + 21822. What is the units digit of a?
8
Let u(w) = -6*w**3 + 4*w**2 + 1. Let r be u(-5). Suppose -6*p + r = -151. What is the tens digit of p?
6
Let r be (-2)/10 - (-18)/(-10). What is the hundreds digit of (r - 280)*(-580)/120?
3
Suppose -3*c + n + 3864 = -2*n, 5*n = -5*c + 6490. Suppose 5880 = 9*d - c. What is the tens digit of d?
9
Suppose 0 = 38*j - 33*j - 65. Suppose -c + 3*c + 5*t - 40 = 0, -c + t = -j. What is the tens digit of c?
1
Let y be (-27)/(-6) + (-12)/(-8). Let d be 4/(-12) + (-1 - (-8)/y). Suppose d = -8*n + 436 - 4. What is the units digit of n?
4
Let d = -155 - -146. What is the units digit of -3 + 392 + (-9 - d)?
9
Suppose 6*i = 12*i - 1776. Suppose x = 2*d + i, 0*x + 589 = 2*x - d. What is the tens digit of x?
9
Let r be 9/3 - -2 - -47*2. Let a = r - -125. What is the hundreds digit of a?
2
Suppose 2*l = -3*r + 5, 3 = 4*r - 5*r - 3*l. Suppose r = z - 0. Suppose 0 = 3*n - 2*h - 3*h - 168, 0 = -4*n + z*h + 224. What is the units digit of n?
6
Let y(v) = v**2 - 2*